se 6, what is -1 + 24?
23
In base 5, what is -112 - 11310?
-11422
In base 12, what is 3 + 64?
67
In base 9, what is -5 - -103?
87
In base 4, what is 1123 + -11?
1112
In base 8, what is -1271 - 0?
-1271
In base 9, what is -43 - 8?
-52
In base 8, what is 140 - -1?
141
In base 11, what is -1139 - 1?
-113a
In base 10, what is 183 - 5?
178
In base 15, what is -23 - -6?
-1c
In base 5, what is 122 + 112?
234
In base 3, what is 20020 - 11?
20002
In base 14, what is 6 + -6?
0
In base 4, what is 1111 + -3211?
-2100
In base 4, what is -11 - 3310?
-3321
In base 13, what is -29 + -48?
-74
In base 14, what is -2 + -19c1?
-19c3
In base 9, what is 178 - 16?
162
In base 12, what is 5 + 144?
149
In base 12, what is -5 + -977?
-980
In base 14, what is -1 + -1d3?
-1d4
In base 11, what is -1014 + 0?
-1014
In base 14, what is 5 - 1d5?
-1d0
In base 16, what is -17 - e?
-25
In base 9, what is 5752 + -2?
5750
In base 13, what is 80 + -7?
76
In base 12, what is -5 + -25?
-2a
In base 6, what is 1133 - 4?
1125
In base 9, what is 2 + -4?
-2
In base 7, what is -1 - 226?
-230
In base 4, what is -222 - -3?
-213
In base 2, what is 1001000 - -1000000?
10001000
In base 15, what is -2b - 22?
-4d
In base 4, what is -10 - -3?
-1
In base 12, what is -47a - -6?
-474
In base 14, what is 2 - 18d?
-18b
In base 14, what is 53 - 3?
50
In base 15, what is 7 - 19?
-12
In base 13, what is 25 - -7?
2c
In base 13, what is 70 + 0?
70
In base 11, what is -7989 - 4?
-7992
In base 15, what is -303 - 0?
-303
In base 12, what is -191a - -2?
-1918
In base 4, what is 11 + -2?
3
In base 5, what is 301 - -14?
320
In base 11, what is 543 + 24?
567
In base 15, what is 5 - -5?
a
In base 12, what is ba - -2?
100
In base 8, what is 516 + -2?
514
In base 6, what is -20 - 120?
-140
In base 2, what is -1011 - -1100111100?
1100110001
In base 12, what is -4 - -a7?
a3
In base 8, what is 5 - 53?
-46
In base 12, what is 28 + -3?
25
In base 16, what is e61 - 2?
e5f
In base 14, what is d5 - 9?
ca
In base 2, what is -11001101 - 10?
-11001111
In base 9, what is 57 + -12?
45
In base 7, what is -11 - 151?
-162
In base 3, what is 100 + -11?
12
In base 10, what is 8 + -49?
-41
In base 6, what is 1 - 13012?
-13011
In base 4, what is 13 - 110?
-31
In base 6, what is 10 + -20?
-10
In base 15, what is 28 + 11?
39
In base 15, what is -49 - 3?
-4c
In base 6, what is -151 + -1003?
-1154
In base 14, what is 2481 - 4?
247b
In base 7, what is -6623 + -3?
-6626
In base 14, what is 3 + -206?
-203
In base 7, what is -3 - 301?
-304
In base 4, what is -1013 + 1?
-1012
In base 16, what is 1 - -f?
10
In base 10, what is -4311 - 2?
-4313
In base 13, what is -77 - -38?
-3c
In base 11, what is 4 + -20?
-17
In base 4, what is 30101 - 1?
30100
In base 8, what is 3 + -112?
-107
In base 14, what is 4 + 51?
55
In base 16, what is 5 + -1792?
-178d
In base 11, what is -7 - 22?
-29
In base 12, what is 22 + -3?
1b
In base 9, what is -12 - 20?
-32
In base 6, what is -2 - 2024?
-2030
In base 4, what is 21 + 3?
30
In base 14, what is -5 + 1d2?
1cb
In base 9, what is 1 + -28?
-27
In base 12, what is 49 - -3?
50
In base 9, what is 0 - 82?
-82
In base 13, what is -1a5 + 6?
-19c
In base 13, what is -9a + 1?
-99
In base 13, what is -5 + 1756?
1751
In base 16, what is -1c - 18c?
-1a8
In base 10, what is -62 - 2?
-64
In base 10, what is -3744 - -3?
-3741
In base 16, what is -1d - -9?
-14
In base 5, what is -200 - -10?
-140
In base 8, what is 117 + -14?
103
In base 7, what is 10 + 324?
334
In base 13, what is 8 + 1644?
164c
In base 2, what is 1010001 - 1110?
1000011
In base 8, what is 1077 - -4?
1103
In base 3, what is 100020 + 11?
100101
In base 6, what is -1212 - 10?
-1222
In base 9, what is 1128 - 21?
1107
In base 6, what is 3512 - -3?
3515
In base 11, what is 10 - 56?
-46
In base 7, what is -434 + -60?
-524
In base 5, what is 4 - -33?
42
In base 5, what is 2 - -224?
231
In base 13, what is -83 + 6?
-7a
In base 11, what is 1 - -70?
71
In base 4, what is 212 - -1001?
1213
In base 11, what is 291 + -19?
273
In base 3, what is -10112122 + 1?
-10112121
In base 9, what is -10 + -1848?
-1858
In base 15, what is -c - -b0?
a3
In base 2, what is -1111100 - 1?
-1111101
In base 7, what is -3 - -235?
232
In base 8, what is -210 + -1?
-211
In base 7, what is -3065 + -5?
-3103
In base 4, what is -11 + -33?
-110
In base 15, what is -4cab + -1?
-4cac
In base 5, what is -2033 + -24?
-2112
In base 2, what is 100 - -1010100101?
1010101001
In base 12, what is 2 - -23?
25
In base 16, what is -4 - -6e?
6a
In base 11, what is -103 + 5?
-a9
In base 16, what is -226 - -41?
-1e5
In base 8, what is 5 - -267?
274
In base 14, what is a + 4?
10
In base 7, what is 43 - 4?
36
In base 4, what is 3123 - -11?
3200
In base 10, what is 1121 - -3?
1124
In base 5, what is -4 + -14443?
-20002
In base 8, what is 1 - -14121?
14122
In base 2, what is 11101000000 + -1?
11100111111
In base 7, what is -21 + 103?
52
In base 8, what is 2 - -2?
4
In base 15, what is 4 - c5?
-c1
In base 12, what is 10a - 1?
109
In base 8, what is 1 - 5262?
-5261
In base 2, what is 101 - 100010000?
-100001011
In base 14, what is 400 - -5?
405
In base 16, what is 2e + -2?
2c
In base 12, what is -108 + a2?
-26
In base 5, what is 1411 + 1?
1412
In base 13, what is -1 - -23?
22
In base 16, what is 1 - -491?
492
In base 15, what is 5 - 24?
-1e
In base 4, what is -11 - 213?
-230
In base 7, what is -11012 - 5?
-11020
In base 7, what is 243 + -4?
236
In base 16, what is 5 + -5b?
-56
In base 9, what is 18 + 13?
32
In base 6, what is -4 + -10?
-14
In base 10, what is 15 - 32?
-17
In base 8, what is -1474 - -10?
-1464
In base 12, what is 1154 + -2?
1152
In base 6, what is -1 - -5455?
5454
In base 9, what is 87 - 5?
82
In base 8, what is 23 + 2?
25
In base 2, what is 1 - 11001011?
-11001010
In base 7, what is -20303 - -4?
-20266
In base 3, what is 1202 - -12?
1221
In base 15, what is 925 + 6?
92b
In base 6, what is -4 - 22154?
-22202
In base 14, what is -19 - -11?
-8
In base 8, what is 6 + -23?
-15
In base 10, what is -5 - -27?
22
In base 16, what is -3 - -a85?
a82
In base 5, what is -400 - 1?
-401
In base 3, what is -12002 - 12?
-12021
In base 5, what is 12014 + 2?
12021
In base 4, what is 1 - -300000?
300001
In base 5, what is 23 - 13?
10
In base 3, what is 10 - 1211020?
-1211010
In base 5, what is 32 + -334?
-302
In base 14, what is 0 + 8c6?
8c6
In base 12, what is 5 + -1066?
-1061
In base 5, what is 2 - 1304?
-1302
In base 9, what is 1 - 2007?
-2006
In base 3, what is 1 - 212?
-211
In base 11, what is a + -157?
-148
In base 13, what is c7 - -1?
c8
In base 14, what is -5 + -2a?
-31
In base 8, what is -343 - 4?
-347
In base 9, what is -475 - 0?
-475
In base 13, what is 133 + -97?
69
In base 4, what is -3021100 - -11?
-3021023
In base 14, what is 14 + -51?
-3b
In base 10, what is -7 - 289?
-296
In base 9, what is 17 + 2?
20
In base 6, what is 4 + 3?
11
In base 8, what is 3 + -147?
-144
In base 16, what is 5 - -2c?
31
In base 7, what is 1 + -21605?
-21604
In base 10, what is 5 + 1057?
1062
In base 4, what is -103 - 1323?
-2032
In base 9, what is -53 - -2?
-51
In base 5, what is -3232 - 2?
-3234
In base 12, what is 41 - 2?
3b
In base 10, what is -3408 + 1?
-3407
In base 3, what is -2 + 22200?
22121
In base 12, what is 4 + 4a3?
4a7
In base 9, what is 135 + 23?
158
In base 4, what is -1231 - 1?
-1232
In base 7, what is -212 - 1?
-213
In base 9, what is -253 + 100?
-153
In base 16, what is -11 - -67?
56
In base 14, what is -cc4 + -2?
-cc6
In base 15, what is -6 + 3?
-3
In base 10, what is -889 - -3?
-886
In base 8, what is 1 - 1163?
-1162
In base 2, what is 100010001010 - -100?
100010001110
In base 15, what is -6 + -30c?
-313
In base 13, what is 7 + 86?
90
In base 11, what is -387 + 2?
-385
In base 4, what is 10 + -2132?
-2122
In base 10, what is -3 + 13?
10
In base 5, what is 1 + 12401?
12402
In base 6, what is -11531 - 4?
-11535
In base 14, what is 184 - 64?
120
In base 9, what is -7 + 1?
-6
In base 8, what is 2 - -562?
564
In base 5, what is 34 - 124?
-40
In base 4, what is -2330 + -1?
-2331
In base 15, what is 41 - 5?
3b
In base 2, what is -10100011 + -1000000?
-11100011
In base 9, what is -44837 - -2?
-44835
In base 9, what is 3831 - -5?
3836
In base 11, what is 49 - 3a?
a
In base 14, what is 4 + 3b1?
3b5
In base 12, what is 8 + -1